

{"id":1538,"date":"2022-12-03T13:10:13","date_gmt":"2022-12-03T13:10:13","guid":{"rendered":"https:\/\/ff-os-stadtmitte.de\/?page_id=1538"},"modified":"2022-12-03T13:10:13","modified_gmt":"2022-12-03T13:10:13","slug":"impressionen","status":"publish","type":"page","link":"https:\/\/ff-os-stadtmitte.de\/?page_id=1538","title":{"rendered":"Impressionen"},"content":{"rendered":"\n<p class=\"is-layout-flex wp-container-11 wp-block-columns alignwide\">Die T\u00e4tigkeiten der Ortsfeuerwehr Stadtmitte sind vielf\u00e4ltig und umfassen mehr als zun\u00e4chst von einer Freiwilligen Feuerwehr vermutet wird.<\/p>\n\n\n\n<h2>Eins\u00e4tze<\/h2>\n\n\n\n<div class=\"wp-block-nextend-smartslider3\"><\/div>\n\n\n\n<h2>Messen und Sp\u00fcren<\/h2>\n\n\n\n<p class=\"is-layout-flex wp-container-11 wp-block-columns alignwide\">Zusammen mit den Messgruppen weiterer Freiwilliger Feuerwehren bilden wir die Einheit der Feuerwehr Bereitschaft Umweltgruppe Messen und Sp\u00fcren, kurz gesagt \u2013 \u201eFBU Fachzug 4 \u2013 Messen + Sp\u00fcren\u201c.<\/p>\n\n\n\n<p class=\"is-layout-flex wp-container-11 wp-block-columns alignwide\">Eins\u00e4tze dieser Art ergeben sich immer dann, wenn gef\u00e4hrliche Stoffe (im Allgemeinen Chemikalien) in die Umwelt gelangen, sodass Gefahr f\u00fcr Menschen, Tiere, Umwelt und Sachwerte besteht. Ursache einer solchen Stofffreisetzung k\u00f6nnen Br\u00e4nde, Explosionen oder Unf\u00e4lle sein.<\/p>\n\n\n\n<div class=\"wp-block-nextend-smartslider3\"><\/div>\n\n\n\n<h2>WLF<\/h2>\n\n\n\n<p class=\"is-layout-flex wp-container-11 wp-block-columns alignwide\">Eine weitere Sonderaufgabe der Ortsfeuerwehr ist es, auf Anforderung der Leitstelle Osnabr\u00fcck im Einsatzfall die Wechselladerfahrzeuge der Berufsfeuerwehr Osnabr\u00fcck zu besetzen und die geforderten Abrollbeh\u00e4lter zur Einsatzstelle zu fahren. Auf der Wache der Berufsfeuerwehr befinden sich 5 WLF (Wechselladerfahrzeug) und ca. 24 Abrollbeh\u00e4lter, wie zum Beispiel der AB- Wasser mit 10.000 Liter Wasser, der AB- Schaum, der AB- Notstrom, AB- Umweltschutz, AB- Dekontamination, AB- Boot, uvm.<\/p>\n\n\n\n<div class=\"wp-block-nextend-smartslider3\"><\/div>\n\n\n\n<h2>Brandsicherheitswache<\/h2>\n\n\n\n<p class=\"is-layout-flex wp-container-11 wp-block-columns alignwide\">\u00d6ffentliche Veranstaltungen, wie bspw. die Maiwoche oder auch eine Theaterauff\u00fchrung, ben\u00f6tigen aufgrund ihrer Gr\u00f6\u00dfe eine Brandsicherheitswache, denn die Brandbek\u00e4mpfung beginnt bereits vor dem eigentlichen Feuer!<\/p>\n\n\n\n<p class=\"is-layout-flex wp-container-11 wp-block-columns alignwide\">Regelm\u00e4\u00dfig sind Kameradinnen und Kameraden Teil einer Brandsicherheitswache, um so zum einen im Falle eines Einsatzes umgehend erste L\u00f6schma\u00dfnahmen, Evakuierungen oder Erste-Hilfe-Ma\u00dfnahmen ergreifen zu k\u00f6nnen. Zum anderen beinhaltet die Aufgabe aber auch das Risiko, etwaige Situationen schon im Vorfeld zu minimieren. Insbesondere Letzteres wird teilweise als &#8222;Spa\u00dfbremse&#8220; betitelt, unser Handeln hat aber immer den beschriebenen Hintergrund.<\/p>\n\n\n\n<h2>Brandschutzerziehung<\/h2>\n\n\n\n<p class=\"is-layout-flex wp-container-11 wp-block-columns alignwide\">F\u00fcr Kinderg\u00e4rten und Grundschulen bieten wir eine Besichtigung unserer Feuerwehr an. In diesem Rahmen sind die Feuerwehrautos sicherlich immer sehr spannend. Dabei vermitteln wir aber auch Grundlagen der Feuerwehr. Dies beginnt beim Absetzen eines Notrufes, den Ursachen eines Feuers, bis hin zum Verhalten im Brandfall.<\/p>\n\n\n\n\n","protected":false},"excerpt":{"rendered":"<p>Die T\u00e4tigkeiten der Ortsfeuerwehr Stadtmitte sind vielf\u00e4ltig und umfassen mehr als zun\u00e4chst von einer Freiwilligen Feuerwehr vermutet wird. Eins\u00e4tze Messen und Sp\u00fcren Zusammen mit den Messgruppen weiterer Freiwilliger Feuerwehren bilden wir die Einheit der Feuerwehr Bereitschaft Umweltgruppe Messen und Sp\u00fcren, kurz gesagt \u2013 \u201eFBU Fachzug 4 \u2013 Messen + Sp\u00fcren\u201c. Eins\u00e4tze dieser Art ergeben sich [&hellip;]<\/p>\n","protected":false},"author":11,"featured_media":0,"parent":0,"menu_order":0,"comment_status":"closed","ping_status":"closed","template":"","meta":[],"_links":{"self":[{"href":"https:\/\/ff-os-stadtmitte.de\/index.php?rest_route=\/wp\/v2\/pages\/1538"}],"collection":[{"href":"https:\/\/ff-os-stadtmitte.de\/index.php?rest_route=\/wp\/v2\/pages"}],"about":[{"href":"https:\/\/ff-os-stadtmitte.de\/index.php?rest_route=\/wp\/v2\/types\/page"}],"author":[{"embeddable":true,"href":"https:\/\/ff-os-stadtmitte.de\/index.php?rest_route=\/wp\/v2\/users\/11"}],"replies":[{"embeddable":true,"href":"https:\/\/ff-os-stadtmitte.de\/index.php?rest_route=%2Fwp%2Fv2%2Fcomments&post=1538"}],"version-history":[{"count":1,"href":"https:\/\/ff-os-stadtmitte.de\/index.php?rest_route=\/wp\/v2\/pages\/1538\/revisions"}],"predecessor-version":[{"id":1539,"href":"https:\/\/ff-os-stadtmitte.de\/index.php?rest_route=\/wp\/v2\/pages\/1538\/revisions\/1539"}],"wp:attachment":[{"href":"https:\/\/ff-os-stadtmitte.de\/index.php?rest_route=%2Fwp%2Fv2%2Fmedia&parent=1538"}],"curies":[{"name":"wp","href":"https:\/\/api.w.org\/{rel}","templated":true}]}}

<p class="is-layout-flex wp-container-11 wp-block-columns alignwide">Die Tätigkeiten der Ortsfeuerwehr Stadtmitte sind vielfältig und umfassen mehr als zunächst von einer Freiwilligen Feuerwehr vermutet wird.</p>



<h2>Einsätze</h2>



<div class="wp-block-nextend-smartslider3"></div>



<h2>Messen und Spüren</h2>



<p class="is-layout-flex wp-container-11 wp-block-columns alignwide">Zusammen mit den Messgruppen weiterer Freiwilliger Feuerwehren bilden wir die Einheit der Feuerwehr Bereitschaft Umweltgruppe Messen und Spüren, kurz gesagt – „FBU Fachzug 4 – Messen + Spüren“.</p>



<p class="is-layout-flex wp-container-11 wp-block-columns alignwide">Einsätze dieser Art ergeben sich immer dann, wenn gefährliche Stoffe (im Allgemeinen Chemikalien) in die Umwelt gelangen, sodass Gefahr für Menschen, Tiere, Umwelt und Sachwerte besteht. Ursache einer solchen Stofffreisetzung können Brände, Explosionen oder Unfälle sein.</p>



<div class="wp-block-nextend-smartslider3"></div>



<h2>WLF</h2>



<p class="is-layout-flex wp-container-11 wp-block-columns alignwide">Eine weitere Sonderaufgabe der Ortsfeuerwehr ist es, auf Anforderung der Leitstelle Osnabrück im Einsatzfall die Wechselladerfahrzeuge der Berufsfeuerwehr Osnabrück zu besetzen und die geforderten Abrollbehälter zur Einsatzstelle zu fahren. Auf der Wache der Berufsfeuerwehr befinden sich 5 WLF (Wechselladerfahrzeug) und ca. 24 Abrollbehälter, wie zum Beispiel der AB- Wasser mit 10.000 Liter Wasser, der AB- Schaum, der AB- Notstrom, AB- Umweltschutz, AB- Dekontamination, AB- Boot, uvm.</p>



<div class="wp-block-nextend-smartslider3"></div>



<h2>Brandsicherheitswache</h2>



<p class="is-layout-flex wp-container-11 wp-block-columns alignwide">Öffentliche Veranstaltungen, wie bspw. die Maiwoche oder auch eine Theateraufführung, benötigen aufgrund ihrer Größe eine Brandsicherheitswache, denn die Brandbekämpfung beginnt bereits vor dem eigentlichen Feuer!</p>



<p class="is-layout-flex wp-container-11 wp-block-columns alignwide">Regelmäßig sind Kameradinnen und Kameraden Teil einer Brandsicherheitswache, um so zum einen im Falle eines Einsatzes umgehend erste Löschmaßnahmen, Evakuierungen oder Erste-Hilfe-Maßnahmen ergreifen zu können. Zum anderen beinhaltet die Aufgabe aber auch das Risiko, etwaige Situationen schon im Vorfeld zu minimieren. Insbesondere Letzteres wird teilweise als &#8222;Spaßbremse&#8220; betitelt, unser Handeln hat aber immer den beschriebenen Hintergrund.</p>



<h2>Brandschutzerziehung</h2>



<p class="is-layout-flex wp-container-11 wp-block-columns alignwide">Für Kindergärten und Grundschulen bieten wir eine Besichtigung unserer Feuerwehr an. In diesem Rahmen sind die Feuerwehrautos sicherlich immer sehr spannend. Dabei vermitteln wir aber auch Grundlagen der Feuerwehr. Dies beginnt beim Absetzen eines Notrufes, den Ursachen eines Feuers, bis hin zum Verhalten im Brandfall.</p>

<p>Die Tätigkeiten der Ortsfeuerwehr Stadtmitte sind vielfältig und umfassen mehr als zunächst von einer Freiwilligen Feuerwehr vermutet wird. Einsätze Messen und Spüren Zusammen mit den Messgruppen weiterer Freiwilliger Feuerwehren bilden wir die Einheit der Feuerwehr Bereitschaft Umweltgruppe Messen und Spüren, kurz gesagt – „FBU Fachzug 4 – Messen + Spüren“. Einsätze dieser Art ergeben sich [&hellip;]</p>
